is -3667 - 51037?
-54726
In base 10, what is 1 + 7888158?
7888159
In base 3, what is 101001 - 20011201212?
-20011100211
In base 4, what is -1 - 1213030112110?
-1213030112111
In base 3, what is -11 - -12000011022001222?
12000011022001211
In base 4, what is -10312202331 - -11?
-10312202320
In base 5, what is -121301014 + -103?
-121301122
In base 4, what is -23103210 + -110302?
-23220112
In base 5, what is 31 - 222034423?
-222034342
In base 11, what is -679 - -11526?
10958
In base 13, what is 2 + 7209370?
7209372
In base 6, what is 3 + 3522015?
3522022
In base 11, what is -2265 - 7a2a4?
-81559
In base 7, what is -26034 + -162343?
-221410
In base 8, what is 5110023 - -10?
5110033
In base 3, what is 11222012 - 202001?
11020011
In base 8, what is -3140643 - 6?
-3140651
In base 3, what is -11011102001022 + -121?
-11011102001220
In base 12, what is 8b76779 + 1?
8b7677a
In base 6, what is -144552 - -3513?
-141035
In base 10, what is -3 + 248193?
248190
In base 10, what is 339 + 1747098?
1747437
In base 5, what is 3 - -3130202444?
3130203002
In base 8, what is 242465 + -7336?
233127
In base 6, what is 104115 - 202332?
-54213
In base 15, what is -1 + -28ec19?
-28ec1a
In base 11, what is 71 + 29007?
29078
In base 3, what is 21000011210 - -2201?
21000021111
In base 8, what is -21545 + 11425?
-10120
In base 6, what is -3 + 151125431?
151125424
In base 4, what is 30 + -1002211033132?
-1002211033102
In base 4, what is -2 - -1301022300120?
1301022300112
In base 13, what is 7c1 + -7022?
-6531
In base 4, what is -1030 - 30112221?
-30113311
In base 3, what is 1020220212000 - 1?
1020220211222
In base 15, what is 96bb + 1bb?
9887
In base 10, what is 9533 + -961?
8572
In base 15, what is -37 + -42a872?
-42a8a9
In base 3, what is 1001112011111002 + 2?
1001112011111011
In base 9, what is 5021 + 26634?
32655
In base 5, what is 12211410300 + -1?
12211410244
In base 13, what is 2a4a - 1941?
1109
In base 10, what is 17599120 + 2?
17599122
In base 16, what is -e + -1e2242?
-1e2250
In base 8, what is -1 + 571636316?
571636315
In base 15, what is -4c + -340b88?
-340bd5
In base 4, what is -10 - 30103220301?
-30103220311
In base 13, what is 882c62 + -3?
882c5c
In base 8, what is 175077575 + -41?
175077534
In base 14, what is 2 - -24460b?
24460d
In base 13, what is -280cb3c9 - 1?
-280cb3ca
In base 8, what is 124 - -1550460?
1550604
In base 2, what is 101101000011100010010110101 + 10?
101101000011100010010110111
In base 11, what is -897 + 30a19?
30132
In base 8, what is 4 - 170276104?
-170276100
In base 9, what is -507526 + -82?
-507618
In base 12, what is -23b638 - -29?
-23b60b
In base 5, what is 1 - 141140241?
-141140240
In base 2, what is -100 - -11001011011011?
11001011010111
In base 15, what is -c0 + 582a?
575a
In base 2, what is 1001011000011 - 10011011100000?
-1010000011101
In base 9, what is -3 - 500214?
-500217
In base 3, what is 1201200001222200 - 21?
1201200001222102
In base 11, what is 16 - 222324?
-222309
In base 3, what is -22221201101022 - -111?
-22221201100211
In base 9, what is -212714236 - -2?
-212714234
In base 4, what is 231003 + 1300012?
2131021
In base 5, what is 120 - 1414423411?
-1414423241
In base 14, what is 0 + -2a9c4a?
-2a9c4a
In base 11, what is 1421a948 + -4?
1421a944
In base 14, what is -4d + 30d05?
30c96
In base 12, what is a40a69 - 17?
a40a52
In base 15, what is 158e74 + 54?
158ec8
In base 11, what is 99a18 + -1?
99a17
In base 7, what is -5002541215 + -1?
-5002541216
In base 2, what is -100 - -100110011001111010100111011?
100110011001111010100110111
In base 16, what is -f1 - 165c9?
-166ba
In base 2, what is -1111111110010 - 10101100010100?
-100101100000110
In base 9, what is -6633 - -2145?
-4477
In base 8, what is 14 - 5453402?
-5453366
In base 3, what is 101001201211 - -10?
101001201221
In base 7, what is 150655 + 13250?
164235
In base 15, what is 14c9d9 - -21c?
14cc06
In base 5, what is -324 + 104432422?
104432043
In base 8, what is 173601447 - -2?
173601451
In base 3, what is -1110211112201121 - 20?
-1110211112201211
In base 4, what is 2132023 + -10003200?
-1211111
In base 15, what is 1a + -216a4?
-21689
In base 2, what is -101001000101101010011010 - -1100?
-101001000101101010001110
In base 9, what is -1 + -10244128?
-10244130
In base 5, what is 1 - -421204133?
421204134
In base 4, what is 203303333111020 - 11?
203303333111003
In base 7, what is -255266 - 1236?
-256535
In base 13, what is -39c + 983b?
946c
In base 9, what is -1126302 - 8?
-1126311
In base 4, what is 11 + -20300003003332?
-20300003003321
In base 3, what is 20201112220 + -11022?
20201101121
In base 14, what is -3a84 + -6aa?
-4350
In base 10, what is -2245 + 3851?
1606
In base 3, what is -102121121220 - 21010?
-102121220000
In base 14, what is -1da - 4ba?
-6b6
In base 9, what is -424762618 + 2?
-424762616
In base 5, what is -423401400121 + 1?
-423401400120
In base 11, what is 98532 - 72?
98470
In base 15, what is 29bcc7e + e?
29bcc8d
In base 13, what is -2a8 - -107c?
aa4
In base 4, what is -31 - 303321?
-310012
In base 12, what is 11a39 + b34?
12971
In base 6, what is -1 - -1230415523?
1230415522
In base 9, what is -175532 - -3605?
-171826
In base 15, what is 43 - -136335?
136378
In base 9, what is 4714227 - 2?
4714225
In base 16, what is -a8c7a + -1?
-a8c7b
In base 4, what is 13 + 113333331200?
113333331213
In base 4, what is -12 + 112312213313?
112312213301
In base 13, what is -167c83 + 4a?
-167c36
In base 13, what is 18abb35 + -1b?
18abb17
In base 5, what is -3113413 + -133432?
-3302400
In base 8, what is -67421647 + -6?
-67421655
In base 8, what is -32 - -3405443?
3405411
In base 2, what is -101101100010000110 + -1011?
-101101100010010001
In base 2, what is -100100111011011 + 10111101?
-100100100011110
In base 5, what is -20002141143 - -10?
-20002141133
In base 6, what is -1245042 + -24?
-1245110
In base 14, what is -11964 + -17b?
-11b01
In base 15, what is -2dce141 - -4?
-2dce13c
In base 16, what is -b17da + -b?
-b17e5
In base 12, what is 124b9bba4 - 5?
124b9bb9b
In base 3, what is -12222012212000222 - -12?
-12222012212000210
In base 9, what is -383023 - 52?
-383075
In base 10, what is 23046 + 4743?
27789
In base 8, what is 10776 - 121630?
-110632
In base 11, what is 1744 - -6957?
85a0
In base 12, what is 12aa - 26768?
-2547a
In base 14, what is -283c266 - -7?
-283c25d
In base 4, what is -1112 + 3133031?
3131313
In base 16, what is -4c9c49c9 - 5?
-4c9c49ce
In base 8, what is 1243652 + -4?
1243646
In base 6, what is -15 + -12023325?
-12023344
In base 7, what is -1065121302 + 23?
-1065121246
In base 8, what is -25044206 - -75?
-25044111
In base 8, what is -47344524 + 3?
-47344521
In base 11, what is -303 + -402863?
-403066
In base 10, what is -10513462 - -1?
-10513461
In base 10, what is -4768634 - -11?
-4768623
In base 16, what is -aa + -17a35d?
-17a407
In base 9, what is -8 + -2037100?
-2037108
In base 6, what is 25523043 - -33?
25523120
In base 7, what is 4 + -6311451?
-6311444
In base 6, what is 250 - -5232235?
5232525
In base 7, what is 1401 + 252213?
253614
In base 3, what is -201 - -212120210222211?
212120210222010
In base 10, what is -13977 - -2472?
-11505
In base 3, what is -2121 + -221000101001?
-221000110122
In base 14, what is -4 - -559d520?
559d51a
In base 14, what is 62b + d3?
720
In base 11, what is a + 506294?
5062a3
In base 15, what is -38ce21c + -1?
-38ce21d
In base 9, what is -350246 + -2812?
-353158
In base 8, what is -1540 - -144216?
142456
In base 5, what is 1422412 - 242212?
1130200
In base 5, what is 114430210 + -1413?
114423242
In base 4, what is 210020333 - 120?
210020213
In base 13, what is 2a8a + -166?
2924
In base 2, what is 11111011111 - -1010100101100100?
1011000101000011
In base 10, what is -153480331 + 3?
-153480328
In base 14, what is -5 - -1a80c7a?
1a80c75
In base 6, what is -232502 + -23342?
-300244
In base 5, what is -123211224 - -110?
-123211114
In base 13, what is 2a9844 - -21?
2a9865
In base 12, what is 1008 + a39?
1a45
In base 10, what is 3631960 + 0?
3631960
In base 10, what is -6 + -2846321?
-2846327
In base 11, what is 11 - -10071a9?
100720a
In base 11, what is -5 + -12293843?
-12293848
In base 8, what is 40 - -34534754?
34535014
In base 4, what is -20 + -21122002323?
-21122003003
In base 3, what is -1012 - 2222021000020?
-22220